e
Let q be (-8)/10*(-5 - 0). Suppose 0 = q*f - 4, 0*a - f = -a + 25. Let x = -11 + a. Is x composite?
True
Suppose -4*q + 8 = -0*q. Let n be ((-3)/q)/((-6)/16). Suppose 0 = 4*t - 16, 6*u - 1281 = u - n*t. Is u composite?
True
Is 72/(-48) + (-20617)/(-2) composite?
True
Suppose -5*l - p = -8, 2 = -l + 2*p - 4*p. Suppose 2*q - q + l*o - 2555 = 0, -5*o = -q + 2562. Is q a composite number?
False
Let x be (-112)/6*(-225)/5. Let n = x - -283. Is n a composite number?
False
Suppose 2*b + 3*m - 12628 = -0*m, -m - 6309 = -b. Is b a prime number?
True
Is 4653 - 11/(66/(-60)) prime?
True
Let j(i) = i**2 + 9*i + 2. Let z be j(-9). Suppose 4*x - 4 = -2*l, z*l - 5*x = -0*l + 13. Suppose 7*h - l*h = 861. Is h a composite number?
True
Suppose 7 = 3*f + 4*c - 11, 3*c - 9 = 0. Suppose 0*t - t = -i - 522, -f*i + 1024 = 2*t. Is t composite?
True
Let s(l) = l**3 + 43*l**2 + 34*l - 41. Is s(-29) a composite number?
True
Is (18/(-27))/(8/(-30516)) a composite number?
False
Let k(l) = -l**3 - 10*l**2 + 11*l + 4. Let b(t) = -2*t**2 + 4*t + 5. Let j be b(4). Let i be k(j). Suppose 621 = 5*o - i*r, -o - r + 99 + 18 = 0. Is o prime?
False
Let j(b) be the second derivative of -167*b**3/6 + b**2 - b. Let s be 3*(-2 + (-10)/(-6)). Is j(s) composite?
True
Let c(o) = -9*o + 2. Suppose -24 = -p - 2*p. Suppose -y - p = y. Is c(y) a composite number?
True
Suppose 0*d + 4 = -2*d. Let a(c) = -c + 3. Let n be a(d). Suppose 0 = n*o - 0*o - 1270. Is o a composite number?
True
Suppose 4*t + y - 33 = -t, -y + 5 = t. Suppose 0 = -0*o - t*o + 1337. Is o prime?
True
Let w(z) = -z**3 + 5*z**2 - 2*z + 4. Let p be w(5). Let h(t) = 10*t**2 + 2*t - 11. Is h(p) prime?
True
Suppose 5*a + 7141 = 2*z - 1862, 2*a + 22497 = 5*z. Is z a prime number?
False
Suppose -2*r = -f + 123479, 0 = 3*f + 12*r - 9*r - 370437. Is f prime?
True
Let a(m) = m**3 - m**2 - m + 5. Let t be a(0). Suppose 0 = h - 4*p + 21 - 3, 5*h + t*p - 35 = 0. Suppose h*x = -x + 3801. Is x a composite number?
True
Let t be 1 + 2/(8/12). Let f(z) = -3 + 6 - 3*z - 5 + 1 - 18*z**3 - t*z**2. Is f(-4) prime?
False
Let a(h) = -h**3 + 12*h**2 + 12*h + 15. Let y be a(11). Suppose -5*g - y = -9*g. Is g prime?
True
Let b(r) = -r**3 - r**2 + 4*r - 1. Let o be b(-3). Suppose d - 454 = -4*s, -5*s + d = o*d - 573. Let x = s + -22. Is x a prime number?
False
Let y(t) = t - 3. Let p be y(8). Suppose -p*l + 4*l = -209. Is l a prime number?
False
Suppose -5*d - 3*w + 14650 = 0, 8*d - 5*w = 3*d + 14610. Is d prime?
True
Suppose -547 = -3*c + 2480. Let w = c + -564. Is w a prime number?
False
Let i(y) = 94*y**2 + 7*y - 39. Let o(z) = 141*z**2 + 11*z - 58. Let q(u) = -7*i(u) + 5*o(u). Is q(-6) a composite number?
True
Suppose -3*g = -8*g + 50. Suppose 0 = -3*m - g*l + 8*l + 8315, 5*m - 13869 = 2*l. Is m composite?
True
Let w(o) be the first derivative of 17*o**3/3 - o**2/2 - 7*o + 6. Is w(-3) composite?
False
Let q = 5768 + -1123. Is q a composite number?
True
Let q(n) = 66*n**2 + n. Let v(z) = -z**3 + 7*z**2 - 5*z + 7. Let o be v(7). Let c = -29 - o. Is q(c) a composite number?
True
Let i(b) be the first derivative of -b**4/4 - 13*b**3/3 - b**2/2 - 5*b - 6. Let t be i(-13). Is t/(-6) + 1278/27 a prime number?
False
Suppose -5*c + d + 10 = 0, d = -4*d. Suppose 877 - 2215 = -c*t. Is t composite?
True
Let q = 341 - 925. Let r = q + 229. Let c = r + 848. Is c a prime number?
False
Is (-7 - -15)/4*179351/2 composite?
False
Let p = -58 + 1171. Is p - (26/(-10) - (-12)/20) prime?
False
Let a = 295220 + -175861. Is a a composite number?
False
Suppose -n = -u, 3*n + 0*u + 6 = 5*u. Suppose 6*j - j = -4*s + 30, 14 = 4*s - n*j. Suppose -s*r = -5*l + 3135, -5*l + r + 3353 = 202. Is l a prime number?
True
Suppose 0 = -3*j + 7*j - 8. Suppose 2735 = j*x - 3*u, 2*x + 4092 = 5*x - u. Is x composite?
True
Let k(m) = 0*m - 2*m - 13 - 11*m**2 - m**3 - m**3. Is k(-12) prime?
False
Let s be -3*(-2 - 860/12). Let r(w) = 2*w**3 - 3*w**2 + 3*w. Let y be r(2). Let u = s - y. Is u composite?
False
Suppose -3*i = 2*i - 840. Let c = -32 + 21. Let t = c + i. Is t prime?
True
Let m be (-45)/(-15) - (5 - 0). Is m/((-4)/3378*3) composite?
False
Suppose 0 = -9*i + 13425 + 1488. Is i prime?
True
Is (3/(-9))/(11/(-3165063)) prime?
True
Is (-20013)/(-14)*(-2)/(-3) a prime number?
True
Let f = -1354 + 2739. Is f prime?
False
Suppose 0 = -a + 6*a + 5. Let g be 6*(4 - 3)/a. Is g/(-4)*(-176)/(-12) prime?
False
Let q be -4 + 10242/4 - 1/(-2). Let t = 6084 - q. Is t a composite number?
False
Let u(p) = 36*p**2 + 3*p + 41. Suppose -5*i - 76 + 136 = 0. Is u(i) a composite number?
False
Suppose -15*c + 23*c - 88 = 0. Suppose -16*y + c*y + 12135 = 0. Is y a prime number?
False
Suppose 2 = 2*f - n, n + 0 + 2 = 4*f. Suppose f*o - 2215 = -5*o. Is o prime?
True
Suppose 0 = -3*m - 4*i + 67, -1 = -2*i + i. Let g be (12/7)/(5/(-35)). Let h = m + g. Is h a prime number?
False
Let a(y) = -12*y + 7. Let d(x) = -1. Let p(w) = a(w) + 2*d(w). Suppose -4*i - 5*u = 9, 2*i + 11 + 4 = u. Is p(i) composite?
True
Suppose -3*k + 0*k = 2*s - 12869, 0 = 5*k - 5*s - 21490. Let u = -1522 + k. Is u composite?
True
Let a = 45927 - 18004. Is a composite?
True
Let w(d) = -1896*d**3 - d**2 + d + 2. Let y be w(-1). Let t = y + -1187. Is t a composite number?
False
Let t = -52237 + 81632. Is t prime?
False
Suppose 2170 + 2170 = -5*y. Let k be (y/(-8))/7*6. Suppose -k - 86 = -l. Is l a composite number?
False
Let i(j) = 2*j**2 - 21*j - 42. Let p(t) = 3*t**2 - 43*t - 84. Let l(x) = -5*i(x) + 3*p(x). Is l(-21) a prime number?
False
Suppose -a - 1058 = -l, 1074 = l + 3*a + 36. Is 10/25 + l/5 a prime number?
True
Let f(k) = -199*k - 1. Let j be f(-5). Suppose 0 = 2*s + 4*y - j, 395 = 4*s - 4*y - 1569. Is s a composite number?
True
Is (-3)/12 + (-13 - 4964750/(-56)) composite?
False
Suppose 14*m + 3273 = 15*m. Let l = m - 1676. Is l a prime number?
True
Let j(l) = 2742*l + 175. Is j(9) prime?
False
Let c be (2*(-5)/9)/((-1)/9). Let b(d) = -33*d + 28. Let w(u) = 8*u - 7. Let k(h) = 2*b(h) + 9*w(h). Is k(c) a prime number?
True
Is ((-269)/(-1))/(-9 - (-236)/26) prime?
False
Let v(y) = 3*y + 5. Suppose -4*x + 2*x - 6 = 0. Let a be v(x). Is (1 + -1227)*a/8 a prime number?
True
Let k(y) = -y**3 - 11*y**2 - 10*y + 5. Let l be k(-10). Is ((-134)/(-4) + (-20)/l)*2 a prime number?
True
Let h(g) = 4*g**2 + 21*g - 2. Let s be -3*4*(-4)/(64/20). Is h(s) a prime number?
True
Let s be ((-3)/(-12))/(1/20). Suppose -s*u + 3052 = -u. Is u prime?
False
Let d(s) = -3*s**3 - s**2 + 3*s + 1. Suppose 0 = 2*p - 0*p - 20. Let x = 8 - p. Is d(x) prime?
False
Let q(b) = -101*b + 18. Let v(t) = 50*t - 9. Let c(g) = 6*q(g) + 13*v(g). Is c(5) a prime number?
True
Is ((-312)/468)/((-4)/676122) prime?
True
Suppose -9605 = -4*w + 3*z + 18359, 2*w + z = 13972. Let p = -3167 + w. Is p a composite number?
False
Suppose 7*w - 716 = 6*w. Let m = 531 + w. Is m a composite number?
True
Let x be 1/((-2)/(495 + -1)). Let f = x - -669. Suppose c = -5*i + 2*i + f, -5*c + 2092 = -3*i. Is c prime?
True
Let d(l) be the first derivative of 21/4*l**4 + 1/2*l**2 - 7 - 2/3*l**3 + l. Is d(2) a composite number?
False
Let u(v) be the second derivative of -2*v**3 - v**2/2 + 3*v. Let a be u(-6). Suppose -4*o + 931 = a. Is o a composite number?
True
Let f(v) = -v**2 + 7*v - 3. Suppose -2*t - 25 = -7*t. Let p be f(t). Suppose p*y = 681 - 163. Is y a composite number?
True
Let n = -17 + 22. Suppose 0 = -n*p - 2*w - 1944, -3*w - 2 = -2*w. Let u = p + 549. Is u a composite number?
True
Let o(a) = -a**3 + 25*a**2 - 22*a - 25. Is o(22) a prime number?
False
Let m = 2597 - -13122. Is m composite?
True
Let j(s) = 0*s - s - 2*s**2 + 3*s**2 - 2*s**2. Let a be j(0). Suppose z + 2*z - 21 = a. Is z a prime number?
True
Let q(i) = i + 18. Let t be q(-14). Suppose -t - 4 = -2*c. Suppose -2*j + c*j - 102 = 0. Is j composite?
True
Let v = 1456 + -199. Is v a composite number?
True
Suppose 13*i - 9*i - 4*t - 13432 = 0, -16775 = -5*i + 2*t. Is i prime?
False
Let a be (8/(-12))/(8/(-10740)). Suppose 204 = -h + a. Is h composite?
False
Is 151053*-1*(9 + (-476)/51) composite?
True
Let v be 0*(-1 - -3)/4. Suppose x = -v + 6. Is x a prime number?
False
Let z(c) = 26*c**2 - 4*c + 17. Let t be z(12). Suppose 5*w + 725 = x, -3*x + t = 2*x - 3*w. Is x a composite number?
True
Suppose -2 = -4*x + 10. Suppose 0*c -